). Calculate the highest common divisor of 468 and i.
52
Suppose 43*z - 14*z - 69223 = 0. Calculate the highest common factor of 231 and z.
77
Suppose 18*y - 23*y + 785 = 5*b, -b + 477 = 3*y. Calculate the highest common factor of y and 15.
5
Let a = 20211 - -17389. What is the highest common factor of 64 and a?
32
Suppose 5*d - 6*c - 4 = 0, 5*d - 24 = -5*c - 9. Calculate the highest common factor of d and 491.
1
Suppose -10 = 5*h, 3*b - 24*h = -23*h + 50. Suppose -b*t = -15*t - 435. What is the greatest common divisor of t and 15?
15
Let r = -1162 + 1176. What is the greatest common factor of 49 and r?
7
Let x be 2/(-4)*(-60)/6. Suppose d - 100 = -x*k, 157 = d + 3*k + 49. Let b(p) = 19*p**2 - 2*p. Let t be b(-2). What is the greatest common factor of d and t?
40
Let c = -30330 - -31001. Calculate the highest common divisor of c and 77.
11
Let c(q) = 3*q**2 + 261*q - 1048. Let d be c(4). Let z(r) = 52*r - 2. Let h be z(3). What is the highest common divisor of h and d?
22
Suppose o + 0 = 1. Let u be (-65)/o*(-16)/(-10). Let g = u + 162. Calculate the greatest common factor of g and 29.
29
Suppose -c - r + 17798 = 0, -2*c + 44*r - 45*r + 35603 = 0. Calculate the highest common factor of c and 15.
15
Suppose 4*x - z = 223, 3*x - 14*z + 10*z = 151. What is the greatest common factor of x and 1273?
19
Let k = -264 - -788. Suppose o = 530 - k. What is the highest common divisor of o and 606?
6
Suppose -2*d - 320 = -5*o, 3*o = -5*d + 262 - 39. Let h = 482 - 251. Calculate the greatest common divisor of o and h.
33
Suppose -7*f + 35 = -6*f. Suppose 13*q = 7*q + 120. Calculate the greatest common divisor of q and f.
5
Let g = -11 - -25. Let h be 483 + -484 + (-113)/(-1). Calculate the greatest common divisor of h and g.
14
Let d be (-6)/(-18)*(3 - 1 - 2). Suppose d = -5*r + 443 + 2702. What is the greatest common divisor of r and 17?
17
Suppose -5*u + 1750 = 33*u - 568. What is the highest common divisor of 3904 and u?
61
Suppose -4*r - 4*i = -68, -925*r + 55 = -923*r - i. Calculate the greatest common factor of 6944 and r.
8
Let l be (0 - (-7 - -3))/(2/83). Suppose 9*j + 13 = l. Let g be 25/10*(-34)/(-5). Calculate the highest common factor of j and g.
17
Let d(g) = 4*g**2 - g + 1. Let m be d(1). Suppose -3*b - 35 = -m*b. Let l be (-14)/b - (-966)/15. What is the highest common divisor of 8 and l?
8
Let d be (-6)/(-12)*(-1 - -31). Let t be (-1 + d/9)*21. Calculate the highest common divisor of t and 49.
7
Let o(k) = k**3 - 14*k**2 - 23*k + 19. Let z be o(-2). Let y = -7 + 12. What is the greatest common factor of y and z?
1
Let h(u) = 14*u - 46. Let z be h(6). Let f(r) = -4*r**2 + 153*r - 17. Let n be f(z). Let s = 4 + 3. Calculate the greatest common divisor of s and n.
7
Suppose 4*s + 3*l - 6428 = 0, -6*l + 3*l + 1598 = s. Calculate the highest common divisor of s and 20.
10
Let r(d) = d**2 - 2*d - 367. Let h be r(-19). What is the highest common factor of h and 1376?
32
Let s = 32 - 30. Let f = 141 - 76. Suppose -2*x - x + 29 = -5*t, 5*x - 5*t - f = 0. Calculate the highest common factor of x and s.
2
Suppose -2*r - 3*q + 34 = 0, -4*r + 28*q + 48 = 24*q. What is the highest common factor of r and 13384?
14
Let s be 12/(-1*3*(176/99 + -2)). What is the highest common divisor of 4347 and s?
9
Let a(z) = -2*z**3 - 20*z**2 - 22*z - 13. Suppose 2 = 2*n + 20. Let m be a(n). Calculate the highest common divisor of m and 1.
1
Suppose l - 66 = 5*o, -4*l + 27 = -3*o - 16. Let m be -8 + (-6 - o) - -295. What is the greatest common divisor of 84 and m?
42
Let x(n) = -47*n - 1277. Let f be x(-43). What is the greatest common factor of 1209 and f?
93
Suppose 0*h = 9*h. Suppose h = 3*y - 20 - 43. Let f(l) = l**3 + 12*l**2 + 10*l - 6. Let g be f(-9). What is the greatest common divisor of y and g?
21
Let r be -114*((-20)/6 - -3). Suppose -44*n + 129*n + 6179 = 51399. What is the greatest common divisor of r and n?
38
Let p(l) = 64*l - 5838. Let d be p(97). What is the highest common divisor of 9065 and d?
185
Suppose 0 = -10*n - 45 + 895. Let x = -62 + n. Suppose 2*q - 1 = -4*l + x, 5*l = -2*q + 32. Calculate the greatest common factor of l and 12.
4
Suppose 16*a - 14*a + 23*a - 132900 = 0. What is the highest common factor of 2 and a?
2
Suppose 3*n - 15 = 0, -3*t - 17*n + 64 = -21*n. Calculate the highest common factor of t and 128.
4
Suppose -76*x + 66*x = -30. Suppose 5*i = 4*o + 3*i - 148, -x*o = 2*i - 104. Suppose z - 17 = 7. Calculate the greatest common factor of o and z.
12
Suppose -2*n - 266 = 170. Let s = n - -256. What is the highest common factor of 95 and s?
19
Let r(s) = -138*s + 21. Let m be (9/(-15))/(10/50). Let b be r(m). What is the highest common divisor of b and 30?
15
Let d = 23 + -2. Suppose 22*j = 13*j + 666. Let a = -32 + j. Calculate the highest common factor of a and d.
21
Suppose -191*y + 19069 = -74521. What is the highest common divisor of 560 and y?
70
Let p(l) = 2*l**2 - 7*l + 8. Let w be p(5). Suppose 29*o = w*o + 60. Suppose 4*i - 120 = -4*i. Calculate the greatest common divisor of o and i.
5
Suppose o - 920 = 3*q, 5*o - 4456 = 95*q - 98*q. What is the highest common divisor of 1232 and o?
112
Suppose 16 = -11*m + 15*m. Suppose -4*b - 36 = -m*t + 428, 4*t - 467 = b. Calculate the highest common divisor of 9 and t.
9
Let j = -44524 - -44531. Let i be (0 - 0/1) + 63. Calculate the greatest common divisor of i and j.
7
Suppose 0 = 5*f + 4*o - 978, -393 = -2*f - 33*o + 32*o. What is the highest common factor of 88 and f?
22
Let n be (-2)/8 + (-75)/(-12). Let z = -714 - -318. Let j = -388 - z. Calculate the highest common factor of n and j.
2
Suppose 36889 - 36289 = 12*l. What is the highest common factor of l and 15450?
50
Let q = 356 + -119. Suppose -5*y = f - 378, -2*y + 4*f - q = -5*y. Suppose -92*z + 26*z - 423 + 3723 = 0. What is the highest common divisor of y and z?
25
Let s = 27496 + -27276. What is the highest common factor of s and 869?
11
Suppose y + 4*t + 644 = 2*y, -4*t = 2*y - 1324. Suppose -4*q + y = -256. Calculate the highest common factor of q and 12.
12
Let g = 3017705 + -3017681. Suppose 0 = 5*m - 8*m. Suppose m = -n + 16 - 0. What is the highest common factor of g and n?
8
Let q(k) = -107*k**3 + k**2 + k + 6. Let p be q(-2). Let l = -378 + p. Calculate the greatest common divisor of l and 54.
54
Let c(o) = -203*o + 1240. Let w be c(6). What is the greatest common divisor of w and 1595?
11
Let n = -1372 - -1559. Calculate the highest common divisor of 22 and n.
11
Suppose -29*k = 22*k - 267750. What is the highest common divisor of 300 and k?
150
Suppose k - 4*k = -414. Suppose k*q - 3 = 139*q. Let n be q/(-4) - 411/(-12). What is the greatest common factor of n and 140?
35
Suppose -300 - 15 = -3*m. Suppose 2*c - n = 2783, 3*n + 2*n + 4185 = 3*c. Let j = 1432 - c. Calculate the highest common divisor of j and m.
21
Suppose 5*f - 56 = -3*l, 18 = -2*f + 3*f + 4*l. Suppose -17999 + 21890 + 25349 = 172*u. Calculate the highest common factor of f and u.
10
Suppose -20 = -11*l + 12*l. Let h be (-1788)/l + (-112)/(-70). What is the highest common divisor of h and 1456?
91
Let s be ((32/6)/8)/((-2)/(-9)). Suppose 2*z - s - 1 = 0. Suppose -3*k = 2*k + b - 132, z = b. What is the highest common divisor of 13 and k?
13
Let g be (-2)/(-1*(-4)/(-70)). Let n = -46 + 116. Let f be n/(-100)*(-8 - 2). Calculate the greatest common factor of g and f.
7
Let m = -101 - -105. Suppose m*b = 5*p + 134 - 13, 5*b = -p + 115. Calculate the greatest common factor of b and 204.
12
Let t = -1711 - -6254. Calculate the greatest common divisor of t and 77.
77
Let k = 8 - -6. Let l be 120/20*(14/(-4))/(-7). Suppose l*c - 28 = k. Calculate the greatest common factor of 126 and c.
14
Suppose -5*w = -4 - 6. Let b be (-12)/(-3)*20/w. Let n(f) = -50*f. Let t be n(-2). What is the greatest common factor of t and b?
20
Suppose 282 = -14*d + 72. Let n be 23 - ((-2)/2)/(5/d). What is the highest common divisor of n and 40?
20
Let j be 4*1 + 11 + 6. Let t = 34 - 78. Let p = t + 72. What is the highest common divisor of j and p?
7
Let k(l) = -18*l - 257. Let u(j) = -34*j - 516. Let d(a) = 11*k(a) - 6*u(a). Let c be d(-39). What is the highest common divisor of c and 315?
35
Let u(a) = -838*a - 845*a + 266 + 1687*a. Let z be u(-62). Let m be (-27)/2*(